9. What is the highest common factor of 6 and t?
6
Let m be 2*(-3)/69 - 81344/(-713). What is the greatest common divisor of m and 54?
6
Let i(g) = 2994*g**2 - 6*g - 3. Let f be i(-1). Calculate the highest common factor of 81 and f.
81
Let z = 457 + -453. What is the highest common factor of z and 4?
4
Suppose 1273 = 4*j + 5*a + 434, -10 = 2*a. Calculate the greatest common divisor of j and 104.
8
Let d = 185 + -128. Suppose 0 = -0*w + 4*w. Suppose 186 = 5*s - 4*t - w*t, -151 = -4*s + t. What is the greatest common factor of d and s?
19
Let b(u) = -6 + 36*u**2 + 20*u - 1 - 5 - 37*u**2. Let p be b(19). Calculate the highest common factor of p and 28.
7
Suppose -l - 1743 = -4*j, -5*j + 8*j = -l + 1309. Calculate the greatest common factor of 327 and j.
109
Let k be (-4)/4*-3*2. Let f be k/3*(-412)/(-8). Suppose 293 + f = a. What is the highest common factor of 36 and a?
36
Suppose b = 3*y - 4, 2*b - 5*b - 12 = -3*y. Let f be 2/(2/11) - b. Let r be (-17)/(-5) - 2/5. Calculate the greatest common factor of r and f.
3
Let w = 30 + 4. Let h be (4/(-4))/(-2 + 1). Let x(o) = 86*o - 1. Let a be x(h). Calculate the highest common divisor of a and w.
17
Let z = -297 - -319. Calculate the highest common factor of z and 187.
11
Let p(d) = d + 1. Let x be p(1). Let u be 14/((-1 - -1) + x/3). What is the highest common divisor of 42 and u?
21
Let v be 39/6 + 2/(-4). Let l be (-13)/(-3) + 4/6. Suppose -4 = -k + 5*w + 2, l*w - 6 = -k. Calculate the highest common factor of k and v.
6
Suppose 0 = -l + 2*l - 28. Let o(d) = d**2 - 7*d - 37. Let y be o(11). What is the greatest common factor of y and l?
7
Let y = 4426 + -4406. Let s(p) = p**3 + 6*p**2 + 3*p + 5. Let u be s(-5). Calculate the highest common divisor of y and u.
5
Suppose -4158 = -3*p - 5*p - 10*p. Let d = -1 - -22. Calculate the greatest common divisor of d and p.
21
Let j = -6155 - -6173. Let v be ((-3)/(-2))/((-3)/(-4)). Let a be (-2)/(182/(-90) + v). What is the highest common divisor of a and j?
18
Suppose 5*g = 3*b - 807, -21*g + 17*g = 5*b - 1308. What is the greatest common factor of 48 and b?
24
Suppose 0 = -i - 4*h - 5 + 2, h = -5*i + 4. Let l be i/(1 - 0) - -5. Let v(j) = 268*j + 3246. Let y be v(-12). Calculate the highest common factor of l and y.
6
Suppose 2*l = -5*m + 4*m + 120, 5*m + l - 555 = 0. Calculate the greatest common factor of 22 and m.
22
Let f(h) = 4*h + 128. Let p be f(-25). What is the greatest common factor of 350 and p?
14
Let o = -263 - -266. Let b(v) = -3*v**2 - 1 + 2*v + 0*v**2 + 6*v**2 - v**3. Let w be b(o). What is the highest common factor of w and 2?
1
Let d = -1520 - -1539. Suppose 3*q + 12 = 126. What is the highest common divisor of d and q?
19
Suppose 0 = 3*p + c - 405, -11*p + 6*p + 5*c + 695 = 0. What is the greatest common divisor of p and 17?
17
Suppose 2*x + 5*h - 102 - 189 = 0, -4*x + 2*h + 570 = 0. Calculate the greatest common divisor of x and 52.
13
Let s(t) = -9*t**3 - 2*t**2 + t. Let g be s(1). Let c be 3 + (2 - g)/(-1). Let p = -6 - c. What is the greatest common divisor of 1 and p?
1
Let z(r) = r**3 + 5*r**2 + 4. Let y be z(-4). Let s = 46 - y. Calculate the highest common divisor of s and 13.
13
Suppose -2*l = -5*a - 11, 13 = 5*l + a - 1. Suppose -3*f + 174 = z - 74, -l*f = 2*z - 253. Suppose f = 5*m - 19. Calculate the highest common factor of 8 and m.
4
Let y be (-2 - -5) + -5 + (-38)/(-2). Suppose 12*s + 60 = y*s. Calculate the greatest common divisor of 108 and s.
12
Let p(s) = 6*s**2 - 10*s + 52. Let j be p(8). What is the highest common factor of j and 445?
89
Suppose k + 5*u - 72 = 0, 4*k + 144 = 6*k + 5*u. Suppose -32*s = 18*s - 800. Calculate the highest common factor of s and k.
8
Suppose -20*n = -24*n + 20. Suppose 84 - 9 = n*z. Calculate the greatest common divisor of z and 60.
15
Suppose -5 = -f - 3*j, -4*f - j = -48 - 27. Let p(l) = 4*l. Suppose -2*y + 9 = -1. Let h be p(y). What is the highest common divisor of f and h?
20
Suppose -p - 651 = 4*q, -5*q + 2*p - 259 = 558. Let s = -161 - q. Calculate the greatest common factor of 7 and s.
1
Let k = 434 - 258. Calculate the greatest common factor of k and 16.
16
Let x be 0 - 9/6 - (-54)/36*61. Let d(i) = -10*i. Let k be d(-1). Calculate the highest common divisor of k and x.
10
Let x(q) = -q**2 - 57*q - 154. Let u be x(-29). What is the greatest common divisor of 188 and u?
94
Let i = -20 + 134. Suppose -14*t + 4712 = 48*t. What is the highest common divisor of i and t?
38
Suppose -3*x + 5*g = -1297, 12*g - 1722 = -4*x + 15*g. What is the highest common factor of 33 and x?
33
Let c(l) = 70*l + 568. Let d be c(-7). Calculate the greatest common factor of 975 and d.
39
Suppose 7 = -d - 3*m, -d - 4*m - 14 + 3 = 0. Suppose -d*i + 159 = -151. Suppose i = 2*h - 4. What is the highest common factor of h and 11?
11
Let h = 2 - -68. Suppose -h = -3*k - 4*o, -2*o = 4*k - 3*o - 68. Calculate the greatest common factor of k and 12.
6
Let a be (2 - 27/(-2))*-2. Let v = a - -41. What is the highest common factor of 30 and v?
10
Let x = 2357 - -343. Calculate the highest common factor of x and 100.
100
Let z(l) = -l**2 + 6*l - 3. Let f be z(3). Let a(v) = 3*v + f - v + 9 + 10. Let x be a(19). Calculate the greatest common divisor of x and 7.
7
Let x(a) = 5*a**2 - 7*a + 7. Let w be x(-6). Suppose 817 = 4*t + w. Let i = 223 - t. Calculate the greatest common factor of i and 19.
19
Suppose 2*y = -3*y + 4*p + 8, y = 5*p - 11. Let k = 91 - 39. Let d = k - 24. Calculate the highest common factor of d and y.
4
Let m = 50 - 50. Suppose 5*p + 15 = m, 5*q + p - 41 = q. What is the highest common divisor of 22 and q?
11
Let k = 2506 + -2326. Let g be 104/6 + 2/3. Calculate the highest common factor of g and k.
18
Suppose -3*l - 5*p - 28 = -113, p - 45 = -2*l. What is the greatest common divisor of l and 16?
4
Suppose -20*v + 36 = -204. Calculate the highest common factor of v and 78.
6
Let q = 7 - 0. Let h(u) = 83*u - 2. Let x be h(-1). Let m = -29 - x. What is the greatest common factor of q and m?
7
Let h = -94 - -69. Let i be 21/(-7)*h/3 - 1. Let f be (48/10)/((-6)/(-45)). Calculate the highest common divisor of i and f.
12
Suppose -5*o = 3*l - 5*l + 14, -2*l + o + 6 = 0. Let r be (-5)/(-4) - (-18 - 1272/(-96)). What is the greatest common divisor of r and l?
2
Let y(i) = i**3 + 10*i**2 - 15*i - 15. Let s be y(-11). Let m = s + 8. What is the highest common divisor of 37 and m?
37
Suppose 1899*u + 190 = 1901*u. What is the highest common factor of u and 76?
19
Let a(n) = n**3 - 5*n**2 + 3*n - 9. Let c = 25 + -20. Let f be a(c). Calculate the highest common divisor of 66 and f.
6
Let z = -7 - 21. Let j be (z/12)/((-70)/(-36) + -2). What is the greatest common divisor of 14 and j?
14
Let z = -76 + 78. Let a be 201 + (1 - z)*4 + 1. What is the highest common divisor of 18 and a?
18
Suppose 0 = -496*f + 493*f - 4*h + 6086, -2*f - 4*h = -4056. What is the highest common factor of f and 70?
70
Suppose 4*k - 2*d = 32, -26 = -2*k + k + 5*d. Let r be 17/k - (-1)/6. Calculate the greatest common factor of 6 and r.
3
Let z be (-3)/24 + 6915/24. Suppose 7*m - 4*m = z. Calculate the greatest common divisor of 12 and m.
12
Let g be ((-8)/(-7))/(24/1344). Calculate the highest common factor of 96 and g.
32
Suppose -3*u + 1 = -5. Suppose -20 = -3*f - u*f. Suppose f - 84 = -5*o. What is the highest common factor of o and 112?
16
Let j(v) = -120*v**3 + v**2 + 56*v + 55. Let y be j(-1). Let z be (-2)/((-4)/10)*3. What is the greatest common factor of z and y?
15
Let q be ((-600)/(-9))/(7*5/105). What is the highest common factor of q and 16?
8
Suppose -3*q - 415 = -5*d, -3*d + 235 = -14*q + 15*q. Calculate the greatest common factor of 432 and d.
16
Suppose 7 = 3*p - 2*b + 4*b, 5 = b. Let m be (4/(-14))/(p/7). Suppose -5*t + 11 = 1. Calculate the greatest common factor of t and m.
2
Let h = 1455 + -930. What is the greatest common factor of 140 and h?
35
Suppose 0 = 10*q - 6*q - 104. Let l = 29 - q. Suppose 0 = 4*k - s - 0*s - 53, k - l*s - 5 = 0. Calculate the highest common divisor of 14 and k.
14
Suppose -4*p = -2*z + 50, 3*p - 125 = -5*z + p. Let o = 38 - z. Calculate the greatest common divisor of o and 117.
13
Suppose 762 = 12*o - 9*o. Let h be o - 1/(5/2 - 2). What is the highest common factor of h and 28?
28
Let